he greatest common factor of 40 and 175.
5
What is the greatest common factor of 1230 and 5?
5
Calculate the highest common factor of 27 and 1593.
27
What is the highest common factor of 63 and 9?
9
What is the greatest common factor of 338 and 2?
2
What is the highest common divisor of 660 and 192?
12
Calculate the highest common divisor of 297 and 11.
11
Calculate the highest common divisor of 3289 and 13.
13
What is the greatest common factor of 141 and 4559?
47
Calculate the highest common divisor of 1484 and 28.
28
Calculate the greatest common factor of 2914 and 235.
47
What is the greatest common factor of 2835 and 35?
35
What is the highest common factor of 84 and 1918?
14
Calculate the highest common factor of 19396 and 52.
52
Calculate the greatest common factor of 133 and 323.
19
What is the greatest common factor of 392 and 196?
196
What is the greatest common divisor of 2625 and 250?
125
Calculate the greatest common factor of 6749 and 272.
17
What is the highest common divisor of 10 and 370?
10
What is the greatest common factor of 66 and 154?
22
Calculate the highest common divisor of 63 and 8631.
63
What is the greatest common factor of 24 and 248?
8
What is the highest common divisor of 56 and 19964?
28
What is the greatest common divisor of 10 and 7270?
10
Calculate the greatest common divisor of 28 and 8953.
7
Calculate the greatest common divisor of 4 and 18.
2
What is the highest common factor of 328 and 4018?
82
Calculate the greatest common factor of 590 and 354.
118
What is the greatest common divisor of 20 and 1212?
4
Calculate the highest common factor of 45 and 8475.
15
Calculate the greatest common factor of 243 and 756.
27
Calculate the highest common divisor of 107 and 5671.
107
Calculate the highest common divisor of 79 and 9875.
79
Calculate the highest common divisor of 98 and 322.
14
What is the highest common factor of 160 and 460?
20
Calculate the highest common divisor of 180 and 280.
20
What is the highest common factor of 164 and 12?
4
What is the highest common factor of 4115 and 15?
5
Calculate the highest common factor of 36 and 9.
9
Calculate the greatest common factor of 805 and 3335.
115
Calculate the highest common factor of 903 and 86.
43
What is the greatest common divisor of 1391 and 91?
13
Calculate the greatest common factor of 476 and 6307.
119
What is the highest common divisor of 126 and 315?
63
Calculate the greatest common factor of 130 and 234.
26
What is the greatest common divisor of 191 and 12224?
191
What is the greatest common factor of 18 and 15?
3
What is the greatest common factor of 21 and 259?
7
Calculate the greatest common factor of 182 and 1664.
26
What is the highest common divisor of 70 and 182?
14
What is the greatest common divisor of 88 and 1144?
88
What is the highest common factor of 39 and 1287?
39
What is the greatest common divisor of 17 and 4471?
17
Calculate the highest common factor of 25 and 50.
25
Calculate the greatest common factor of 2021 and 235.
47
What is the greatest common factor of 130 and 3835?
65
Calculate the highest common divisor of 270 and 495.
45
What is the highest common divisor of 720 and 510?
30
Calculate the highest common divisor of 198 and 18.
18
What is the greatest common factor of 515 and 20?
5
What is the highest common factor of 855 and 45?
45
What is the greatest common factor of 171 and 19?
19
What is the highest common factor of 88 and 231?
11
What is the highest common divisor of 24 and 300?
12
What is the highest common factor of 4028 and 380?
76
What is the highest common factor of 75 and 26580?
15
Calculate the highest common divisor of 48 and 160.
16
Calculate the greatest common divisor of 407 and 481.
37
Calculate the greatest common factor of 2080 and 143.
13
Calculate the greatest common divisor of 1819 and 963.
107
Calculate the highest common factor of 6 and 147.
3
What is the highest common factor of 40 and 184?
8
Calculate the greatest common divisor of 39 and 5.
1
Calculate the greatest common factor of 24 and 21876.
12
What is the highest common divisor of 1045 and 95?
95
Calculate the greatest common factor of 28 and 756.
28
What is the greatest common divisor of 90 and 40?
10
What is the highest common divisor of 36 and 128?
4
Calculate the highest common factor of 1147 and 111.
37
What is the greatest common factor of 90 and 10980?
90
What is the greatest common divisor of 2765 and 35?
35
Calculate the greatest common factor of 384 and 44.
4
Calculate the highest common factor of 24 and 1992.
24
Calculate the greatest common factor of 75 and 165.
15
Calculate the greatest common factor of 13068 and 108.
108
What is the greatest common divisor of 1628 and 1924?
148
Calculate the highest common divisor of 328 and 8.
8
What is the highest common factor of 6739 and 293?
293
What is the highest common divisor of 44 and 3817?
11
Calculate the greatest common factor of 5959 and 59.
59
Calculate the greatest common divisor of 19 and 627.
19
What is the greatest common divisor of 84 and 5628?
84
What is the highest common divisor of 1558 and 95?
19
What is the greatest common divisor of 180 and 41220?
180
Calculate the highest common factor of 100 and 500.
100
What is the greatest common factor of 11096 and 152?
152
Calculate the highest common divisor of 700 and 56.
28
Calculate the highest common divisor of 51 and 4131.
51
What is the greatest common divisor of 13 and 6?
1
Calculate the greatest common factor of 224 and 126.
14
What is the highest common factor of 14 and 350?
14
Calculate the highest common factor of 6 and 66.
6
Calculate the highest common factor of 86 and 26918.
86
Calculate the highest common factor of 6615 and 135.
135
Calculate the highest common factor of 986 and 580.
58
What is the greatest common divisor of 7668 and 142?
142
Calculate the greatest common divisor of 100 and 180.
20
What is the greatest common factor of 30 and 735?
15
What is the greatest common divisor of 580 and 320?
20
What is the greatest common factor of 352 and 136?
8
What is the greatest common divisor of 513 and 114?
57
What is the greatest common factor of 10 and 335?
5
What is the greatest common factor of 76 and 27550?
38
What is the greatest common divisor of 1364 and 77?
11
What is the greatest common divisor of 32 and 4?
4
Calculate the greatest common divisor of 96 and 80.
16
Calculate the highest common factor of 14 and 1176.
14
Calculate the greatest common factor of 1420 and 10.
10
What is the highest common divisor of 32 and 20?
4
Calculate the highest common divisor of 280 and 770.
70
Calculate the highest common factor of 12 and 14.
2
Calculate the highest common factor of 10 and 3065.
5
Calculate the highest common divisor of 2112 and 33.
33
What is the greatest common divisor of 275 and 25?
25
What is the greatest common factor of 1242 and 782?
46
Calculate the greatest common divisor of 48 and 6.
6
What is the greatest common factor of 102 and 1258?
34
Calculate the highest common divisor of 81 and 459.
27
What is the greatest common factor of 6309 and 9?
9
Calculate the highest common divisor of 92 and 1334.
46
Calculate the greatest common divisor of 51 and 3.
3
Calculate the highest common divisor of 147 and 42.
21
Calculate the greatest common factor of 3794 and 28.
14
What is the greatest common divisor of 1 and 8?
1
What is the highest common factor of 25 and 295?
5
Calculate the highest common factor of 512 and 576.
64
Calculate the greatest common divisor of 15 and 15.
15
What is the greatest common divisor of 2346 and 306?
102
Calculate the greatest common factor of 115 and 69.
23
What is the highest common factor of 532 and 364?
28
What is the greatest common factor of 24 and 4376?
8
What is the greatest common divisor of 7 and 11?
1
Calculate the highest common factor of 55 and 420.
5
What is the greatest common divisor of 7403 and 33?
11
What is the greatest common divisor of 12 and 952?
4
Calculate the highest common divisor of 621 and 54.
27
What is the highest common factor of 159 and 424?
53
What is the greatest common divisor of 18 and 9?
9
Calculate the greatest common factor of 48920 and 40.
40
What is the greatest common factor of 212 and 12?
4
Calculate the highest common divisor 